4 - 12, -3*o - 2*a = -20. Calculate the remainder when 2/o - 524/(-16) is divided by c.
7
Let v(m) = -m + 1. Suppose 7 = 2*f + 11. Let b(q) = 2*q**2 - q + 3. Let c(o) = f*v(o) + b(o). What is the remainder when c(-3) is divided by 9?
7
Let q = 79 + -37. Suppose q*g = 35*g + 140. Let i = -273 + 392. What is the remainder when i is divided by g?
19
Let p = 103 + -97. Calculate the remainder when 162 is divided by (-4)/p*(-1170)/52.
12
Suppose -5*q = -2*l + 21, l + 3*q - 4*q - 3 = 0. Let n be (18/(-5))/(l + 48/25). Let j = -18 + n. Calculate the remainder when j is divided by 8.
3
Let a = -2 + 21. Suppose -2*x + 5*p - 49 = -100, 0 = -5*x - 4*p + 177. Calculate the remainder when x is divided by a.
14
Suppose 10*o - 183 + 103 = 0. Calculate the remainder when 427 is divided by o.
3
Let b(v) = 12*v - 46. Let g be b(-14). Let x = -169 - g. Calculate the remainder when x is divided by 12.
9
Suppose -5*q + 8205 = 5*z, 34*z = 30*z + 2*q + 6540. What is the remainder when z is divided by 6?
5
Let m(u) = u**3 - 7*u**2 + u - 6. Let g be m(7). Suppose g - 11 = -r. Calculate the remainder when 119 is divided by r.
9
Let j(l) = -l**2 + 5*l + 2. Suppose 2*y + 16 = -3*u, 0 = -3*y + y + 8. Let i be (-28)/u*(-8)/(-7). What is the remainder when 10 is divided by j(i)?
4
Let t be (112/(-20))/((-24)/(-15) - 2). Suppose -11 + 67 = c. What is the remainder when c is divided by 4/t + 103/7?
11
Suppose a = 3*a - 24. Let m(b) = -13*b - 100. Let p be m(-8). Suppose -16 = -p*f - 0. What is the remainder when a is divided by f?
0
Suppose -2*t + t = -4. Let s = -116 + 132. Suppose -3*p - 17 = -3*w + s, 0 = 3*p - 9. Calculate the remainder when w is divided by t.
2
Let b(k) = 2*k**3 - 12*k**2 - 14*k - 6. Let f be b(7). Let y(o) = -57*o - 312. What is the remainder when 132 is divided by y(f)?
12
Suppose -813*j = -404*j - 402*j - 1995. Calculate the remainder when j is divided by 16.
13
Let g = -504 + 928. Let j = g - 245. What is the remainder when j is divided by 45?
44
Suppose -v + 3*v = 24. Let p = 9 + v. Let q(k) = k**3 + 18*k**2 - 23*k + 5. Calculate the remainder when q(-19) is divided by p.
18
Suppose 9*d + 10 = 73. Suppose -1289 = -d*r - 463. What is the remainder when r is divided by (-212)/(-7) - 6/21?
28
Let k(a) = -a**3 - 11*a**2 - 10*a - 16. Let m be k(-11). Let y = m + -36. Let q = 7 + 13. Calculate the remainder when y is divided by q.
18
Let b be 171/27 + -7 - 104/6. Let u(p) = -p**2 - 23*p - 74. Suppose 2*g - 7*g + 385 = 0. Calculate the remainder when g is divided by u(b).
13
Suppose -84*r - 2*p = -82*r - 2210, 0 = -r - 3*p + 1099. Calculate the remainder when r is divided by 8.
4
Let s = 2262 + -1338. Suppose -12*c + s = 10*c. What is the remainder when 292 is divided by c?
40
Suppose -4*q - 5*m + 25 = 0, -m - 7 = 3*q - 12. Suppose q = 15*r - 14*r - 238. What is the remainder when r is divided by 60?
58
Let g be (3/(-9) + 1)*3/2. Let f(l) = 26*l**2 + l - 1. Let n be f(g). Suppose d - n = 9. What is the remainder when d is divided by 9?
8
Let l be (-2)/(-6) + 64/24. Suppose -2*t - 1 = -l. Calculate the remainder when 9 is divided by t - -3 - (9 + -8).
0
Let h = -4071 - -4075. What is the remainder when 1221 is divided by h?
1
Let f(b) = b**3 + 3*b**2 + 2*b + 22. Let j be f(-6). Let t = -90 - j. What is the remainder when 139 is divided by 286/t - (-1)/4?
31
Let i(u) = -12*u + 25. Let w be i(4). Let v = w - -33. Calculate the remainder when v is divided by 4.
2
Suppose 2971 = 11*r - 3178. Calculate the remainder when r is divided by 45.
19
Let o = 29 - -34. Let i = o + 20. What is the remainder when i is divided by (-4)/(-3)*(43/4 - -2)?
15
Suppose 36*j - 921 = 265 + 2630. Calculate the remainder when 388 is divided by j.
70
Suppose c = 5*u - 1384, -2*u - 183*c + 182*c + 562 = 0. Calculate the remainder when u is divided by 47.
43
Let p(f) = 4*f**2 + 3*f + 4. Let y(u) = u**3 - 4*u**2 + 8. Suppose 72 = 68*i - 50*i. Calculate the remainder when p(-3) is divided by y(i).
7
Suppose -15*l - 478 + 3523 = 0. Let q = 217 - l. Calculate the remainder when 55 is divided by q.
13
Let b = 10 + -8. Suppose -4*s = 2*w - 12, -3 = -b*s - 7. Suppose 54 = 8*m - w. Calculate the remainder when 71 is divided by m.
7
Let a(r) = -r**2 + 13*r + 12. Let l = 3 - -8. Let j be a(l). Suppose 0 = 4*y - 2*u - j - 178, 2*u = -3*y + 166. Calculate the remainder when y is divided by 14.
12
Suppose 0 = -u - 916 - 446. What is the remainder when u/(-14) + 2/(-7) is divided by (1647/117 + -14)/(90/31590)?
16
Suppose 34*c - 397 = -x + 35*c, -3*x - 2*c = -1201. Calculate the remainder when x is divided by 10.
9
Let r(l) = -3*l. Let x be r(0). Suppose 0 = 6*k - 94 - 92. Suppose -14 = -g - b, x = -2*g + b - 2*b + k. Calculate the remainder when 29 is divided by g.
12
What is the remainder when 4/7*(1 - (8 + (-15015)/22)) is divided by 214?
172
Let q be (9/(-4) - -2) + (-261)/(-36). Suppose 3*y - q = 320. What is the remainder when y is divided by 23?
17
Suppose 0 = -i - 3*g - 64, -5*i - 296 = 2*g + g. Let o = -30 - i. Calculate the remainder when o is divided by (-2)/(30/(-9)) - (-216)/15.
13
Let b(j) = -4*j - 10. Let m(i) = 31*i. Let x be m(3). Let k = 162 - x. Calculate the remainder when k is divided by b(-5).
9
Suppose -8 = 840*n - 842*n. What is the remainder when (-38*1/n)/(3/(-18)) is divided by 3?
0
Let v(j) = j**2 + 13*j - 45. Let i be v(-16). Let m(g) = 7*g**2 - 2*g + i*g + g - 6 - 5*g. Calculate the remainder when 55 is divided by m(-2).
27
Suppose 0 = -3*i, 8*i = -2*o + 5*i + 64. Suppose 5*w = 3*w + o. Let u = -345 - -423. Calculate the remainder when u is divided by w.
14
Let c be ((-6)/4)/((-54)/6444). Suppose -3*m + 43 = -c. Let r(j) = -9*j - 105. What is the remainder when m is divided by r(-14)?
11
Suppose 25*t - 5*u - 23 = 22*t, 4*t = -3*u + 79. Suppose 3*q = -2*g - 0*g + 28, -q - 19 = -5*g. What is the remainder when 40/t*(q - 0) is divided by 4?
3
Let p = 176 - 176. Suppose p = -10*x + 3*x + 441. What is the remainder when x is divided by 11?
8
Let l = -39 + 79. Let c be 64/3*10*15/l. Suppose z + 53 = c. What is the remainder when z is divided by 14?
13
Suppose 5*c = -2*a + 6, -2*c + 31 = 6*a - 3*a. Suppose 0 = -3*q - f + 4*f - 12, -2*q - 8 = f. What is the remainder when a is divided by ((-30)/q)/1 + 57/114?
5
Suppose 104*f - 3777 = 52*f - 1281. What is the remainder when f is divided by 38?
10
Let s(b) = -6*b**2 - 50*b + 2. Calculate the remainder when 164 is divided by s(-7).
48
Let q be ((-168)/40 + 5)/((-1)/(-55)). Let c = -36 + q. What is the remainder when 22 is divided by c?
6
Suppose -3*m = -213 - 93. Let p(v) = 631*v - 2871. Calculate the remainder when p(6) is divided by m.
99
Suppose -6*v - 4*o + 492 = 0, 0 = 18*o - 14*o. What is the remainder when 92 is divided by v?
10
Let t(h) = 9*h**2 - 3*h - 8. Let m be t(7). Let n = m + -355. What is the remainder when n is divided by 25?
7
Suppose v + 178 = -1304. Let i be v/(-12) + 2/(-4). Let r = i - 85. Calculate the remainder when 75 is divided by r.
37
What is the remainder when (1/(-2))/(6 - (-105625)/(-17602)) is divided by 85?
82
Suppose 250*p - 13360 = -860. Calculate the remainder when 181 is divided by p.
31
Let g be (-2)/(-4)*(10 - 0). Suppose 87 = g*h - 2*h. Let r(x) = -x + 115. Calculate the remainder when r(0) is divided by h.
28
Let b(g) = -264*g - 54. What is the remainder when b(-2) is divided by 36?
6
Suppose -7 = -g + 9. Suppose 2*j - 4*r - 390 = r, -5*j - r + 948 = 0. Let n = -129 + j. Calculate the remainder when n is divided by g.
13
Let f be 39/(1/(-1)) - 2. Suppose 0 = -83*m + 67*m. Let q = m - f. What is the remainder when q is divided by 14?
13
Let i(g) = -485*g**2 + 0*g**3 + 9 + 13*g + 480*g**2 + g**3. Calculate the remainder when 84 is divided by i(3).
24
Suppose -5*f + 376 = 3*o - 112, -4*o + 662 = f. Calculate the remainder when 843 is divided by o.
13
Let d(y) = -65*y + 7. Let g(a) = 4*a**2 + 186*a + 148. What is the remainder when d(-5) is divided by g(-46)?
52
What is the remainder when ((-828)/(-21))/(261/6090) is divided by 115?
0
Suppose 4 = 2*f - 5*n - 12, 4*n - 24 = -3*f. What is the remainder when 2/7 + 444/14 is divided by f?
0
Let u = -19809 - -19930. What is the remainder when u is divided by 68?
53
Let v = 30 - 15. Let h(x) = 8*x - 11*x + 140 - 2 + x + 4*x. What is the remainde